e highest common divisor of 25 and f?
25
Let k(g) = 346*g + 757. Let l be k(-2). What is the highest common factor of 14755 and l?
65
Suppose 4*v - 91 = 3*b + 480, v - 3*b - 136 = 0. Let z(a) = 2*a**2 - a + 1. Let m be z(4). Calculate the highest common factor of m and v.
29
Suppose -3*u - 102 = -3*a, -2*a = -5*u - 107 + 27. What is the greatest common factor of a and 2235?
15
Suppose -3*b + r + 205 = 0, -41*r + 46*r = -5. What is the highest common divisor of 48 and b?
4
Let h be ((-1300)/(-2210))/(5/1190). Suppose 5 = 4*x - 3. Suppose x = -j + 58. What is the highest common divisor of j and h?
28
Suppose -30*i + 612 = -16*i + 20*i. What is the highest common divisor of i and 15894?
18
Let c(b) = -b**2 + 6*b - 6. Let y be c(3). Let v = 7 - y. Let d = 13 + v. What is the highest common divisor of 17 and d?
17
Let t = 5061 + -1863. What is the greatest common divisor of t and 52?
26
Let o = -209 - -187. Let l be o/(-4)*(1 + 2 + 13). What is the highest common divisor of l and 44?
44
Suppose 7*t - 8*t - 4*w = 29, 4*t = w - 150. Let m = 106 + t. Calculate the greatest common divisor of m and 46.
23
Let n be 2/(-4) - 1/(-2). Suppose -9 + 3 = -z + a, 5*z - 3*a - 32 = n. Let t = -670 + 677. What is the highest common factor of z and t?
7
Let s(f) = -15*f - 5. Let y be s(-11). Let l = y - 70. Suppose 0 = -n - 3 + 39. Calculate the highest common factor of n and l.
18
Suppose 41 = 3*b - 49. Let h = b - 26. Calculate the highest common factor of h and 68.
4
Let x(m) = -3*m + 9. Let z be x(4). Let v be (z - 1 - -3)*15. Let o = 13 - v. Calculate the greatest common factor of o and 252.
28
Let t be 3*((-4)/(-1))/4. Suppose 19*x - 6*x = 546. Suppose -75*c + x = -61*c. What is the greatest common factor of c and t?
3
Let g be (492/(-287))/(-1 + 5/7). Let v = -87 - -117. Let b = g + v. Calculate the greatest common divisor of 216 and b.
36
Suppose 0 = 187359*t - 187384*t + 1425. What is the highest common factor of 357 and t?
3
Let a = 2575 - 2523. Calculate the highest common divisor of 2119 and a.
13
Let h(d) = -14*d + 9. Let w be h(-1). Let q = -435 - -1010. What is the greatest common factor of w and q?
23
Suppose i = -4*p + 35 - 16, -4*i = -2*p - 58. Let k = 29833 - 29758. Calculate the highest common divisor of i and k.
15
Let t = 11891 + -8709. What is the greatest common divisor of t and 592?
74
Suppose -11 = -3*l - n, -8*l + 2*n - 7 = -11*l. Suppose -l*m + 2830 = -2130. What is the highest common divisor of 31 and m?
31
Suppose 0 = -496*o + 492*o + 4*l + 348, 0 = 2*o + l - 183. What is the highest common divisor of o and 2490?
30
Let t(g) = -2*g**2 + 44*g - 21. Let s be t(20). Let w = s + -39. Suppose -4*h - 5 - 3 = 0, 4*u - w = 4*h. What is the greatest common divisor of u and 2?
1
Suppose -6*k + 7*k = 130. Suppose 110 = -5*z + k. Let p(l) = -3*l - 11. Let y be p(-5). Calculate the greatest common divisor of z and y.
4
Suppose 4150 + 27161 = 147*k. Calculate the greatest common factor of k and 8733.
213
Let r be (-304)/(-133)*(768 + -5). Calculate the greatest common factor of r and 16.
16
Suppose -3*b + 8*b = 5*u - 2595, -1551 = -3*u + 5*b. What is the greatest common divisor of 306 and u?
18
Suppose 11 = 2*s + 9, 3*l - s - 29 = 0. Let p = 108 - 61. Let k = -27 + p. What is the greatest common factor of k and l?
10
Suppose -292*b + 304*b - 264 = 0. Suppose -19 - 21 = -5*m. Let s be 6/(-24) + 1234/m. What is the greatest common factor of b and s?
22
Let c(r) = r**2 - r - 2. Let d be c(3). Suppose d*q - 120 = 2*q. Let s(h) = -26*h + 150. Let f be s(5). Calculate the highest common factor of q and f.
20
Let y(q) = -80*q + 3072. Let v be y(36). Calculate the highest common factor of v and 3216.
48
Let u = 6 - 8. Let y be -3 + 6 + (u - -77). Let a = 65 - 26. Calculate the highest common divisor of a and y.
39
Suppose 323 + 573 = 2*j. Suppose 9*b - j + 16 = 0. Suppose -3*d + 38 = 5*r, -2*d + 7*d - r - 82 = 0. Calculate the greatest common divisor of d and b.
16
Let a(j) = 5*j**2 + 290*j + 27. Let d be a(-66). Calculate the highest common factor of d and 21.
21
Let x(i) = 8*i**3 + 23*i**2 + 8*i + 4. Let l be x(-2). What is the highest common factor of l and 496?
16
Let d be 6/(6/37) - (2 - -1). Suppose -5*r = 3*q - 1540, 6*r = 2*r - q + 1225. Let w be 0 + r + -3 + 4. What is the highest common factor of d and w?
34
Suppose 9 = 3*o - 0*o, -3*s - 2*o + 159 = 0. Let j be -1 + -32 - 5*(-4)/10. Let v = s + j. What is the highest common divisor of v and 8?
4
Suppose 13 = -43*l + 44*l. Suppose 0*c - 3*c + 3*j - 204 = 0, 2*j = -5*c - 361. Let o = c + 136. What is the greatest common divisor of o and l?
13
Let z = -41 + 63. Suppose 17*x - 45 = z*x. Let c be (-5)/3 - 411/x. Calculate the highest common divisor of 11 and c.
11
Suppose -4521 = 16*l - 5*l. Let o = l - -609. Calculate the greatest common divisor of 18 and o.
18
Let u(y) = 532*y + 332. Let o be u(5). Calculate the highest common divisor of 5440 and o.
272
Let m = -28 + 40. Suppose 4880 = 109*g - 4276. What is the highest common divisor of m and g?
12
Let w(v) = 20*v**2 + 6*v - 65. Let f be w(-4). What is the greatest common factor of f and 297?
33
Let x be (86/(-4))/((-20)/(-920)*-1). What is the highest common divisor of 46 and x?
23
Let g be (-7 - (-5)/15)*(-14664)/32. What is the greatest common divisor of g and 91?
13
Suppose -o - 3*o - 12 = 0, 3*o = 5*k + 1. Let u be 31 + 2 + k - 4. What is the greatest common factor of u and 153?
9
Let u be (28/14 - 0) + (-6780)/(-3). Calculate the greatest common divisor of 52 and u.
26
Let n(l) = 4*l - 4. Suppose 9 + 7 = 4*w. Let d be n(w). Let u be (-15352)/(-1292) + 8/68. Calculate the greatest common divisor of u and d.
12
Suppose 11*k - 2*k - 116070 = -64*k. What is the highest common factor of k and 210?
30
Suppose 756 = 4*p + 2*y, p = 2*y + 106 + 83. What is the greatest common divisor of 594 and p?
27
Let t(l) = 113*l + 1021. Let p be t(-9). Calculate the greatest common divisor of p and 2012.
4
Suppose 0 = 2*s - 4*s + 30. Suppose 217 = -2*n + 69. Let t = n - -80. What is the highest common divisor of t and s?
3
Let z(b) = 17*b**2 - 115*b - 1374. Let a be z(-15). What is the greatest common divisor of a and 144?
144
Suppose -4*x + 387 = 5*x. Suppose -39*u + 82 = 5*w - x*u, 20 = w + u. Calculate the greatest common divisor of w and 126.
18
Let r be ((-8)/(-4))/(-2)*-1 - 3. Let u(k) = -10*k**3 - 4*k**2 - k. Let b be u(r). What is the greatest common factor of b and 22?
22
Suppose 302*c = -70*c + 95232. Suppose 4*l + 4*w - 48 = 0, 3*l + 0*w - 5*w = 68. Calculate the highest common factor of c and l.
16
Suppose -17*w - 825 = -20*w. Suppose 17*b = w + 235. Calculate the greatest common factor of 570 and b.
30
Let n = 17038 - 17026. What is the highest common divisor of 2832 and n?
12
Suppose -7*t - 4*x - 1792 = -2*t, -5*t = -4*x + 1768. Let k = t + 357. What is the highest common factor of 29 and k?
1
Let u = 4 - 3. Let s(h) = -47*h - 269. Let v be s(-6). Suppose -b + v = u. What is the highest common divisor of 84 and b?
12
Let d = 19 - -17. Let j = 40 - d. Let m be (10/(-2) + j)/((-1)/7). What is the highest common divisor of m and 77?
7
Suppose 5*c + 76*t - 68*t = 104, 0 = -4*c - 4*t + 88. Calculate the highest common factor of c and 4056.
24
Suppose -2139 = -27*x - 46*x + 42*x. What is the greatest common factor of x and 16767?
69
Let w = 7592 - 7167. Calculate the greatest common divisor of w and 765.
85
Suppose 0 = -3*g + 4*h + 1758, 5*g + 2*h + 2*h - 2866 = 0. What is the highest common divisor of 306 and g?
34
Let m be (-3)/((-12)/158) - 6/12. Let n = m + -28. Suppose n = z - 4. Calculate the greatest common divisor of z and 60.
15
Let y be (-9 - 4/2)*1. Let q = 4507 + -4279. Let h = y + q. Calculate the greatest common divisor of 31 and h.
31
Let h be (-22)/(44/11 - (-21)/(-5)). Let s = h - 46. Let t = 120 - s. What is the greatest common divisor of 7 and t?
7
Suppose -52*c + 1745226 = 72*c + 2*c. Calculate the highest common factor of 57 and c.
57
Suppose 425 - 82 = -7*r. Let z = r - -52. Suppose 5*d + 0*a - 1201 = -a, -243 = -d - z*a. What is the highest common divisor of d and 24?
24
Suppose 3*j + 2*o + 31 = 134, 2*o + 142 = 4*j. Let w = -6593 - -7048. Calculate the highest common divisor of j and w.
35
Let l be ((-2990)/(-92))/((-6)/(-60)). 